{"id":16,"date":"2023-04-27T15:27:05","date_gmt":"2023-04-27T15:27:05","guid":{"rendered":"https:\/\/demo.ozlubilisim.com\/?page_id=15"},"modified":"2023-04-27T15:27:05","modified_gmt":"2023-04-27T15:27:05","slug":"hakimizda","status":"publish","type":"page","link":"https:\/\/demo.ozlubilisim.com\/demo10\/hakimizda","title":{"rendered":"Hak\u0131m\u0131zda"},"content":{"rendered":"\n<p>Bu sayfaya gelerek bizi yak\u0131ndan tan\u0131mak istedi\u011finizi fark ettik, detaylar\u0131 a\u015fa\u011f\u0131dan okuyabilirsiniz.<\/p>\n\n\n\n<p>Arkada\u015fl\u0131k ve muhabbet sitesi alan\u0131nda 2023 y\u0131l\u0131ndan itibaren hizmet veren sitemiz \u00e7al\u0131\u015fmalar\u0131na h\u0131z kesmeden devam etmektedir. Chat sitesi alan\u0131nda t\u00fcm g\u00fcncel i\u00e7erikler de web sitemizde yer almaktad\u0131r.<\/p>\n\n\n\n<p>\u00dcstelik geli\u015fmi\u015f yaz\u0131l\u0131m teknolojisi ile beraber yap\u0131lan muhabbetlerin ve kay\u0131tlar\u0131n hepsi g\u00fcvenli bir \u015fekilde sitemizde kalmaktad\u0131r. Kullan\u0131c\u0131lar istedikleri zaman sitemize eri\u015fim sa\u011flayarak bu hizmetlerden yararlanmaktad\u0131r.<\/p>\n\n\n\n<p>Sitemiz tamamen yasal d\u00fczenlemelere uygun \u015fekilde haz\u0131rlanmaktad\u0131r. G\u00fc\u00e7l\u00fc altyap\u0131s\u0131 sayesinde \u00e7al\u0131\u015fmalar\u0131na h\u0131z kesmeden devam etmektedir. Sitemiz sesli sohbet kanallar\u0131 ve g\u00f6r\u00fcnt\u00fcl\u00fc sohbet ara\u00e7lar\u0131 \u00fczerinden faaliyet sunmaktad\u0131r.<\/p>\n\n\n\n<p>\u00d6zellikle 2023 y\u0131l\u0131ndan itibaren bu \u00e7al\u0131\u015fmalar\u0131n yo\u011funla\u015fmas\u0131 kullan\u0131c\u0131 a\u011f\u0131n\u0131 da geni\u015fletmektedir. Son zamanlarda tasarlanan her bir canl\u0131 sohbet odas\u0131 tamamen g\u00fcvenli olacak \u015fekilde faaliyet olu\u015fturmaktad\u0131r. \u00dcstelik kullan\u0131c\u0131lar\u0131n tamam\u0131 istedikleri zaman siteye kay\u0131t yapt\u0131rmaktad\u0131r.<\/p>\n\n\n\n<p>G\u00fcncel sohbet adresi olarak faaliyetlerine devam eden sitemiz yeni nesil birbirinden farkl\u0131 \u00f6zelli\u011fi de b\u00fcnyesinde toplamaktad\u0131r. Ayr\u0131ca zaman\u0131n en profesyonel hizmet veren sohbet sitelerinden biri olarak sitemiz hizmet vermektedir.<\/p>\n\n\n\n<p>Kaliteli ve tamamen g\u00fcvenli \u00e7al\u0131\u015fan sitemiz kendisini yenilemektedir. Ayn\u0131 zamanda toplu ve \u00f6zel sohbet odalar\u0131 web ve mobil \u00fczerinden faaliyetlerine h\u0131z kesmeden devam etmektedir.<\/p>\n\n\n\n<h2 class=\"wp-block-heading\">Misyonumuz<\/h2>\n\n\n\n<p>Misyonumuz, arkada\u015fl\u0131k ve chat alan\u0131nda kullan\u0131c\u0131lara daha iyi bir hizmet verebilmektir. Ayr\u0131ca sitemiz tamamen yenilikleri takip ederek kategorilerini ona uygun olacak \u015fekilde haz\u0131rlamaktad\u0131r. \u00dcstelik son zamanlar\u0131n en pop\u00fcler \u00f6zellikleri de ilk olarak sitemizde yay\u0131nlanmaktad\u0131r.<\/p>\n\n\n\n<p>Sitemiz \u00e7ok fazla kullan\u0131c\u0131 i\u00e7in geli\u015fmi\u015f a\u011f yaz\u0131l\u0131mlar\u0131 sunmaktad\u0131r. Her daim a\u00e7\u0131k \u015fekilde hizmet veren sitemiz bu anlamda kendisini geli\u015ftirmeye devam etmektedir. Ayn\u0131 zamanda sitemiz duygusal arkada\u015fl\u0131k, tutku dolu sohbetler ve a\u015fk\u0131n\u0131 bulmak isteyenler i\u00e7in t\u00fcm kullan\u0131c\u0131lar\u0131 birbirleri ile bulu\u015fturmaktad\u0131r.<\/p>\n\n\n\n<h2 class=\"wp-block-heading\">Vizyonumuz<\/h2>\n\n\n\n<p>Vizyonumuz, yenilenen teknoloji \u00fcr\u00fcnlerini takip etmek ve bu anlamda en iyi hizmeti vermektir. Canl\u0131 sohbet siteleri ve chat alan\u0131nda kendisini geli\u015ftirmek ad\u0131na sitemiz \u00f6zel yaz\u0131l\u0131mlar haz\u0131rlamaktad\u0131r. Profesyonel bir \u00e7al\u0131\u015fma ortam\u0131 i\u00e7erisinde kullan\u0131c\u0131lar\u0131n tamam\u0131na en iyi hizmeti vermeyi hedeflemekteyiz.<\/p>\n\n\n\n<p>Bu nedenle ara y\u00fcz \u00e7al\u0131\u015fmalar\u0131m\u0131z\u0131 geli\u015ftirmeyi ve daha geni\u015f kitlelere ula\u015fmak amac\u0131m\u0131zd\u0131r. T\u00fcm kullan\u0131c\u0131lar i\u00e7in en rahat ve g\u00fcvenli sohbet odas\u0131 hizmetini sa\u011flamak ilk \u00f6nceli\u011fimizdir. Bunu geli\u015ftirmek i\u00e7in devaml\u0131 hizmet sunma vizyonumuz devam etmektedir.<\/p>\n","protected":false},"excerpt":{"rendered":"<p>Bu sayfaya gelerek bizi yak\u0131ndan tan\u0131mak istedi\u011finizi fark ettik, detaylar\u0131&#8230;<\/p>\n","protected":false},"author":2,"featured_media":0,"parent":0,"menu_order":2,"comment_status":"closed","ping_status":"closed","template":"","meta":{"footnotes":""},"class_list":["post-16","page","type-page","status-publish","hentry"],"_links":{"self":[{"href":"https:\/\/demo.ozlubilisim.com\/demo10\/wp-json\/wp\/v2\/pages\/16","targetHints":{"allow":["GET"]}}],"collection":[{"href":"https:\/\/demo.ozlubilisim.com\/demo10\/wp-json\/wp\/v2\/pages"}],"about":[{"href":"https:\/\/demo.ozlubilisim.com\/demo10\/wp-json\/wp\/v2\/types\/page"}],"author":[{"embeddable":true,"href":"https:\/\/demo.ozlubilisim.com\/demo10\/wp-json\/wp\/v2\/users\/2"}],"replies":[{"embeddable":true,"href":"https:\/\/demo.ozlubilisim.com\/demo10\/wp-json\/wp\/v2\/comments?post=16"}],"version-history":[{"count":0,"href":"https:\/\/demo.ozlubilisim.com\/demo10\/wp-json\/wp\/v2\/pages\/16\/revisions"}],"wp:attachment":[{"href":"https:\/\/demo.ozlubilisim.com\/demo10\/wp-json\/wp\/v2\/media?parent=16"}],"curies":[{"name":"wp","href":"https:\/\/api.w.org\/{rel}","templated":true}]}}